
{"id":283840,"date":"2025-11-28T11:06:37","date_gmt":"2025-11-28T16:06:37","guid":{"rendered":"https:\/\/canadel.com\/?post_type=product&#038;p=283840"},"modified":"2025-11-28T11:16:32","modified_gmt":"2025-11-28T16:16:32","slug":"chaise-0229","status":"publish","type":"product","link":"https:\/\/canadel.com\/fr\/collections\/canadel\/chaises\/cnn002297u19mna\/","title":{"rendered":"Chaise 0229"},"content":{"rendered":"<p><i>SKU: <div  class=\"pods-ui-notice pods-ui-notice-notice pods-ui-notice-notice-error pods-ui-notice-is-dismissible pods-ui-notice-front\"><p><strong>Pods Embed Error:<\/strong> Pod non trouv\u00e9.<\/p><\/div><\/i><\/p>\n<p><i>Couleur illustr\u00e9e: <div  class=\"pods-ui-notice pods-ui-notice-notice pods-ui-notice-notice-error pods-ui-notice-is-dismissible pods-ui-notice-front\"><p><strong>Pods Embed Error:<\/strong> Pod non trouv\u00e9.<\/p><\/div><\/i><br \/>\n<i>Si\u00e8ge illustr\u00e9: <div  class=\"pods-ui-notice pods-ui-notice-notice pods-ui-notice-notice-error pods-ui-notice-is-dismissible pods-ui-notice-front\"><p><strong>Pods Embed Error:<\/strong> Pod non trouv\u00e9.<\/p><\/div><\/i><br \/>\n<i>Fini illustr\u00e9: <div  class=\"pods-ui-notice pods-ui-notice-notice pods-ui-notice-notice-error pods-ui-notice-is-dismissible pods-ui-notice-front\"><p><strong>Pods Embed Error:<\/strong> Pod non trouv\u00e9.<\/p><\/div><\/i><\/p>\n<div  class=\"pods-ui-notice pods-ui-notice-notice pods-ui-notice-notice-error pods-ui-notice-is-dismissible pods-ui-notice-front\"><p><strong>Pods Embed Error:<\/strong> Pod non trouv\u00e9.<\/p><\/div>\n<p><b>Caract\u00e9ristiques<\/b><br \/>\n<div  class=\"pods-ui-notice pods-ui-notice-notice pods-ui-notice-notice-error pods-ui-notice-is-dismissible pods-ui-notice-front\"><p><strong>Pods Embed Error:<\/strong> Pod non trouv\u00e9.<\/p><\/div><\/p>\n<p><b>Dimensions<\/b><br \/>\nL <div  class=\"pods-ui-notice pods-ui-notice-notice pods-ui-notice-notice-error pods-ui-notice-is-dismissible pods-ui-notice-front\"><p><strong>Pods Embed Error:<\/strong> Pod non trouv\u00e9.<\/p><\/div>\u201d X P <div  class=\"pods-ui-notice pods-ui-notice-notice pods-ui-notice-notice-error pods-ui-notice-is-dismissible pods-ui-notice-front\"><p><strong>Pods Embed Error:<\/strong> Pod non trouv\u00e9.<\/p><\/div>\u201d X H <div  class=\"pods-ui-notice pods-ui-notice-notice pods-ui-notice-notice-error pods-ui-notice-is-dismissible pods-ui-notice-front\"><p><strong>Pods Embed Error:<\/strong> Pod non trouv\u00e9.<\/p><\/div>\u201d<\/p>\n<div  class=\"pods-ui-notice pods-ui-notice-notice pods-ui-notice-notice-error pods-ui-notice-is-dismissible pods-ui-notice-front\"><p><strong>Pods Embed Error:<\/strong> Pod non trouv\u00e9.<\/p><\/div>\n<p><b>Produit Assorti<\/b><br \/>\n<a href=\"&lt;\/strong&gt; Pod non trouv\u00e9.&lt;\/p&gt;&lt;\/div&gt;\">Tabouret <div  class=\"pods-ui-notice pods-ui-notice-notice pods-ui-notice-notice-error pods-ui-notice-is-dismissible pods-ui-notice-front\"><p><strong>Pods Embed Error:<\/strong> Pod non trouv\u00e9.<\/p><\/div><\/a><\/p>\n","protected":false},"excerpt":{"rendered":"<p>SKU: Couleur illustr\u00e9e: Si\u00e8ge illustr\u00e9: Fini illustr\u00e9: Caract\u00e9ristiques Dimensions L \u201d X P \u201d X H \u201d Produit Assorti Tabouret<\/p>\n","protected":false},"featured_media":250206,"comment_status":"open","ping_status":"closed","template":"","meta":{"_et_pb_use_builder":"","_et_pb_old_content":"","_et_gb_content_width":""},"product_brand":[],"product_cat":[232,726],"product_tag":[991],"class_list":{"0":"post-283840","1":"product","2":"type-product","3":"status-publish","4":"has-post-thumbnail","6":"product_cat-canadel-fr","7":"product_cat-chaises-fr","8":"product_tag-991","10":"first","11":"instock","12":"shipping-taxable","13":"product-type-simple"},"yoast_head":"<!-- This site is optimized with the Yoast SEO plugin v27.4 - https:\/\/yoast.com\/product\/yoast-seo-wordpress\/ -->\n<title>Chaise 0229 - Canadel<\/title>\n<meta name=\"description\" content=\"Cette petite chaise \u00e0 l\u2019allure traditionnelle et intemporelle saura plaire parfaitement \u00e0 ceux qui souhaitent un mobilier de haute qualit\u00e9, aussi coquet que d\u00e9licat et raffin\u00e9. Optez pour un si\u00e8ge rembourr\u00e9 pour un petit je-ne-sais-quoi de plus.\" \/>\n<meta name=\"robots\" content=\"index, follow, max-snippet:-1, max-image-preview:large, max-video-preview:-1\" \/>\n<link rel=\"canonical\" href=\"https:\/\/canadel.com\/fr\/collections\/canadel\/chaises\/cnn002297u19mna\/\" \/>\n<meta property=\"og:locale\" content=\"fr_FR\" \/>\n<meta property=\"og:type\" content=\"article\" \/>\n<meta property=\"og:title\" content=\"Chaise 0229 - Canadel\" \/>\n<meta property=\"og:description\" content=\"Cette petite chaise \u00e0 l\u2019allure traditionnelle et intemporelle saura plaire parfaitement \u00e0 ceux qui souhaitent un mobilier de haute qualit\u00e9, aussi coquet que d\u00e9licat et raffin\u00e9. Optez pour un si\u00e8ge rembourr\u00e9 pour un petit je-ne-sais-quoi de plus.\" \/>\n<meta property=\"og:url\" content=\"https:\/\/canadel.com\/fr\/collections\/canadel\/chaises\/cnn002297u19mna\/\" \/>\n<meta property=\"og:site_name\" content=\"Canadel\" \/>\n<meta property=\"article:modified_time\" content=\"2025-11-28T16:16:32+00:00\" \/>\n<meta property=\"og:image\" content=\"https:\/\/canadel.com\/wp-content\/uploads\/CNN002297U19MNA_CAM001.png\" \/>\n\t<meta property=\"og:image:width\" content=\"2000\" \/>\n\t<meta property=\"og:image:height\" content=\"2000\" \/>\n\t<meta property=\"og:image:type\" content=\"image\/png\" \/>\n<meta name=\"twitter:card\" content=\"summary_large_image\" \/>\n<script type=\"application\/ld+json\" class=\"yoast-schema-graph\">{\"@context\":\"https:\\\/\\\/schema.org\",\"@graph\":[{\"@type\":\"WebPage\",\"@id\":\"https:\\\/\\\/canadel.com\\\/fr\\\/collections\\\/canadel\\\/chaises\\\/cnn002297u19mna\\\/\",\"url\":\"https:\\\/\\\/canadel.com\\\/fr\\\/collections\\\/canadel\\\/chaises\\\/cnn002297u19mna\\\/\",\"name\":\"Chaise 0229 - Canadel\",\"isPartOf\":{\"@id\":\"https:\\\/\\\/canadel.com\\\/fr\\\/#website\"},\"primaryImageOfPage\":{\"@id\":\"https:\\\/\\\/canadel.com\\\/fr\\\/collections\\\/canadel\\\/chaises\\\/cnn002297u19mna\\\/#primaryimage\"},\"image\":{\"@id\":\"https:\\\/\\\/canadel.com\\\/fr\\\/collections\\\/canadel\\\/chaises\\\/cnn002297u19mna\\\/#primaryimage\"},\"thumbnailUrl\":\"https:\\\/\\\/canadel.com\\\/wp-content\\\/uploads\\\/CNN002297U19MNA_CAM001.png\",\"datePublished\":\"2025-11-28T16:06:37+00:00\",\"dateModified\":\"2025-11-28T16:16:32+00:00\",\"description\":\"Cette petite chaise \u00e0 l\u2019allure traditionnelle et intemporelle saura plaire parfaitement \u00e0 ceux qui souhaitent un mobilier de haute qualit\u00e9, aussi coquet que d\u00e9licat et raffin\u00e9. Optez pour un si\u00e8ge rembourr\u00e9 pour un petit je-ne-sais-quoi de plus.\",\"breadcrumb\":{\"@id\":\"https:\\\/\\\/canadel.com\\\/fr\\\/collections\\\/canadel\\\/chaises\\\/cnn002297u19mna\\\/#breadcrumb\"},\"inLanguage\":\"fr-FR\",\"potentialAction\":[{\"@type\":\"ReadAction\",\"target\":[\"https:\\\/\\\/canadel.com\\\/fr\\\/collections\\\/canadel\\\/chaises\\\/cnn002297u19mna\\\/\"]}]},{\"@type\":\"ImageObject\",\"inLanguage\":\"fr-FR\",\"@id\":\"https:\\\/\\\/canadel.com\\\/fr\\\/collections\\\/canadel\\\/chaises\\\/cnn002297u19mna\\\/#primaryimage\",\"url\":\"https:\\\/\\\/canadel.com\\\/wp-content\\\/uploads\\\/CNN002297U19MNA_CAM001.png\",\"contentUrl\":\"https:\\\/\\\/canadel.com\\\/wp-content\\\/uploads\\\/CNN002297U19MNA_CAM001.png\",\"width\":2000,\"height\":2000},{\"@type\":\"BreadcrumbList\",\"@id\":\"https:\\\/\\\/canadel.com\\\/fr\\\/collections\\\/canadel\\\/chaises\\\/cnn002297u19mna\\\/#breadcrumb\",\"itemListElement\":[{\"@type\":\"ListItem\",\"position\":1,\"name\":\"Accueil\",\"item\":\"https:\\\/\\\/canadel.com\\\/fr\\\/\"},{\"@type\":\"ListItem\",\"position\":2,\"name\":\"Shop\",\"item\":\"https:\\\/\\\/canadel.com\\\/?page_id=240655\"},{\"@type\":\"ListItem\",\"position\":3,\"name\":\"Chaise 0229\"}]},{\"@type\":\"WebSite\",\"@id\":\"https:\\\/\\\/canadel.com\\\/fr\\\/#website\",\"url\":\"https:\\\/\\\/canadel.com\\\/fr\\\/\",\"name\":\"Canadel\",\"description\":\"\",\"potentialAction\":[{\"@type\":\"SearchAction\",\"target\":{\"@type\":\"EntryPoint\",\"urlTemplate\":\"https:\\\/\\\/canadel.com\\\/fr\\\/?s={search_term_string}\"},\"query-input\":{\"@type\":\"PropertyValueSpecification\",\"valueRequired\":true,\"valueName\":\"search_term_string\"}}],\"inLanguage\":\"fr-FR\"}]}<\/script>\n<!-- \/ Yoast SEO plugin. -->","yoast_head_json":{"title":"Chaise 0229 - Canadel","description":"Cette petite chaise \u00e0 l\u2019allure traditionnelle et intemporelle saura plaire parfaitement \u00e0 ceux qui souhaitent un mobilier de haute qualit\u00e9, aussi coquet que d\u00e9licat et raffin\u00e9. Optez pour un si\u00e8ge rembourr\u00e9 pour un petit je-ne-sais-quoi de plus.","robots":{"index":"index","follow":"follow","max-snippet":"max-snippet:-1","max-image-preview":"max-image-preview:large","max-video-preview":"max-video-preview:-1"},"canonical":"https:\/\/canadel.com\/fr\/collections\/canadel\/chaises\/cnn002297u19mna\/","og_locale":"fr_FR","og_type":"article","og_title":"Chaise 0229 - Canadel","og_description":"Cette petite chaise \u00e0 l\u2019allure traditionnelle et intemporelle saura plaire parfaitement \u00e0 ceux qui souhaitent un mobilier de haute qualit\u00e9, aussi coquet que d\u00e9licat et raffin\u00e9. Optez pour un si\u00e8ge rembourr\u00e9 pour un petit je-ne-sais-quoi de plus.","og_url":"https:\/\/canadel.com\/fr\/collections\/canadel\/chaises\/cnn002297u19mna\/","og_site_name":"Canadel","article_modified_time":"2025-11-28T16:16:32+00:00","og_image":[{"width":2000,"height":2000,"url":"https:\/\/canadel.com\/wp-content\/uploads\/CNN002297U19MNA_CAM001.png","type":"image\/png"}],"twitter_card":"summary_large_image","schema":{"@context":"https:\/\/schema.org","@graph":[{"@type":"WebPage","@id":"https:\/\/canadel.com\/fr\/collections\/canadel\/chaises\/cnn002297u19mna\/","url":"https:\/\/canadel.com\/fr\/collections\/canadel\/chaises\/cnn002297u19mna\/","name":"Chaise 0229 - Canadel","isPartOf":{"@id":"https:\/\/canadel.com\/fr\/#website"},"primaryImageOfPage":{"@id":"https:\/\/canadel.com\/fr\/collections\/canadel\/chaises\/cnn002297u19mna\/#primaryimage"},"image":{"@id":"https:\/\/canadel.com\/fr\/collections\/canadel\/chaises\/cnn002297u19mna\/#primaryimage"},"thumbnailUrl":"https:\/\/canadel.com\/wp-content\/uploads\/CNN002297U19MNA_CAM001.png","datePublished":"2025-11-28T16:06:37+00:00","dateModified":"2025-11-28T16:16:32+00:00","description":"Cette petite chaise \u00e0 l\u2019allure traditionnelle et intemporelle saura plaire parfaitement \u00e0 ceux qui souhaitent un mobilier de haute qualit\u00e9, aussi coquet que d\u00e9licat et raffin\u00e9. Optez pour un si\u00e8ge rembourr\u00e9 pour un petit je-ne-sais-quoi de plus.","breadcrumb":{"@id":"https:\/\/canadel.com\/fr\/collections\/canadel\/chaises\/cnn002297u19mna\/#breadcrumb"},"inLanguage":"fr-FR","potentialAction":[{"@type":"ReadAction","target":["https:\/\/canadel.com\/fr\/collections\/canadel\/chaises\/cnn002297u19mna\/"]}]},{"@type":"ImageObject","inLanguage":"fr-FR","@id":"https:\/\/canadel.com\/fr\/collections\/canadel\/chaises\/cnn002297u19mna\/#primaryimage","url":"https:\/\/canadel.com\/wp-content\/uploads\/CNN002297U19MNA_CAM001.png","contentUrl":"https:\/\/canadel.com\/wp-content\/uploads\/CNN002297U19MNA_CAM001.png","width":2000,"height":2000},{"@type":"BreadcrumbList","@id":"https:\/\/canadel.com\/fr\/collections\/canadel\/chaises\/cnn002297u19mna\/#breadcrumb","itemListElement":[{"@type":"ListItem","position":1,"name":"Accueil","item":"https:\/\/canadel.com\/fr\/"},{"@type":"ListItem","position":2,"name":"Shop","item":"https:\/\/canadel.com\/?page_id=240655"},{"@type":"ListItem","position":3,"name":"Chaise 0229"}]},{"@type":"WebSite","@id":"https:\/\/canadel.com\/fr\/#website","url":"https:\/\/canadel.com\/fr\/","name":"Canadel","description":"","potentialAction":[{"@type":"SearchAction","target":{"@type":"EntryPoint","urlTemplate":"https:\/\/canadel.com\/fr\/?s={search_term_string}"},"query-input":{"@type":"PropertyValueSpecification","valueRequired":true,"valueName":"search_term_string"}}],"inLanguage":"fr-FR"}]}},"_links":{"self":[{"href":"https:\/\/canadel.com\/fr\/wp-json\/wp\/v2\/product\/283840","targetHints":{"allow":["GET"]}}],"collection":[{"href":"https:\/\/canadel.com\/fr\/wp-json\/wp\/v2\/product"}],"about":[{"href":"https:\/\/canadel.com\/fr\/wp-json\/wp\/v2\/types\/product"}],"replies":[{"embeddable":true,"href":"https:\/\/canadel.com\/fr\/wp-json\/wp\/v2\/comments?post=283840"}],"wp:featuredmedia":[{"embeddable":true,"href":"https:\/\/canadel.com\/fr\/wp-json\/wp\/v2\/media\/250206"}],"wp:attachment":[{"href":"https:\/\/canadel.com\/fr\/wp-json\/wp\/v2\/media?parent=283840"}],"wp:term":[{"taxonomy":"product_brand","embeddable":true,"href":"https:\/\/canadel.com\/fr\/wp-json\/wp\/v2\/product_brand?post=283840"},{"taxonomy":"product_cat","embeddable":true,"href":"https:\/\/canadel.com\/fr\/wp-json\/wp\/v2\/product_cat?post=283840"},{"taxonomy":"product_tag","embeddable":true,"href":"https:\/\/canadel.com\/fr\/wp-json\/wp\/v2\/product_tag?post=283840"}],"curies":[{"name":"wp","href":"https:\/\/api.w.org\/{rel}","templated":true}]}}

<p><i>SKU: <div  class="pods-ui-notice pods-ui-notice-notice pods-ui-notice-notice-error pods-ui-notice-is-dismissible pods-ui-notice-front"><p><strong>Pods Embed Error:</strong> Pod non trouvé.</p></div></i></p>
<p><i>Couleur illustrée: <div  class="pods-ui-notice pods-ui-notice-notice pods-ui-notice-notice-error pods-ui-notice-is-dismissible pods-ui-notice-front"><p><strong>Pods Embed Error:</strong> Pod non trouvé.</p></div></i><br />
<i>Siège illustré: <div  class="pods-ui-notice pods-ui-notice-notice pods-ui-notice-notice-error pods-ui-notice-is-dismissible pods-ui-notice-front"><p><strong>Pods Embed Error:</strong> Pod non trouvé.</p></div></i><br />
<i>Fini illustré: <div  class="pods-ui-notice pods-ui-notice-notice pods-ui-notice-notice-error pods-ui-notice-is-dismissible pods-ui-notice-front"><p><strong>Pods Embed Error:</strong> Pod non trouvé.</p></div></i></p>
<div  class="pods-ui-notice pods-ui-notice-notice pods-ui-notice-notice-error pods-ui-notice-is-dismissible pods-ui-notice-front"><p><strong>Pods Embed Error:</strong> Pod non trouvé.</p></div>
<p><b>Caractéristiques</b><br />
<div  class="pods-ui-notice pods-ui-notice-notice pods-ui-notice-notice-error pods-ui-notice-is-dismissible pods-ui-notice-front"><p><strong>Pods Embed Error:</strong> Pod non trouvé.</p></div></p>
<p><b>Dimensions</b><br />
L <div  class="pods-ui-notice pods-ui-notice-notice pods-ui-notice-notice-error pods-ui-notice-is-dismissible pods-ui-notice-front"><p><strong>Pods Embed Error:</strong> Pod non trouvé.</p></div>” X P <div  class="pods-ui-notice pods-ui-notice-notice pods-ui-notice-notice-error pods-ui-notice-is-dismissible pods-ui-notice-front"><p><strong>Pods Embed Error:</strong> Pod non trouvé.</p></div>” X H <div  class="pods-ui-notice pods-ui-notice-notice pods-ui-notice-notice-error pods-ui-notice-is-dismissible pods-ui-notice-front"><p><strong>Pods Embed Error:</strong> Pod non trouvé.</p></div>”</p>
<div  class="pods-ui-notice pods-ui-notice-notice pods-ui-notice-notice-error pods-ui-notice-is-dismissible pods-ui-notice-front"><p><strong>Pods Embed Error:</strong> Pod non trouvé.</p></div>
<p><b>Produit Assorti</b><br />
<a href="&lt;/strong&gt; Pod non trouvé.&lt;/p&gt;&lt;/div&gt;">Tabouret <div  class="pods-ui-notice pods-ui-notice-notice pods-ui-notice-notice-error pods-ui-notice-is-dismissible pods-ui-notice-front"><p><strong>Pods Embed Error:</strong> Pod non trouvé.</p></div></a></p>

<p>SKU: Couleur illustrée: Siège illustré: Fini illustré: Caractéristiques Dimensions L ” X P ” X H ” Produit Assorti Tabouret</p>

<!-- This site is optimized with the Yoast SEO plugin v27.4 - https://yoast.com/product/yoast-seo-wordpress/ -->
<title>Chaise 0229 - Canadel</title>
<meta name="description" content="Cette petite chaise à l’allure traditionnelle et intemporelle saura plaire parfaitement à ceux qui souhaitent un mobilier de haute qualité, aussi coquet que délicat et raffiné. Optez pour un siège rembourré pour un petit je-ne-sais-quoi de plus." />
<meta name="robots" content="index, follow, max-snippet:-1, max-image-preview:large, max-video-preview:-1" />
<link rel="canonical" href="https://canadel.com/fr/collections/canadel/chaises/cnn002297u19mna/" />
<meta property="og:locale" content="fr_FR" />
<meta property="og:type" content="article" />
<meta property="og:title" content="Chaise 0229 - Canadel" />
<meta property="og:description" content="Cette petite chaise à l’allure traditionnelle et intemporelle saura plaire parfaitement à ceux qui souhaitent un mobilier de haute qualité, aussi coquet que délicat et raffiné. Optez pour un siège rembourré pour un petit je-ne-sais-quoi de plus." />
<meta property="og:url" content="https://canadel.com/fr/collections/canadel/chaises/cnn002297u19mna/" />
<meta property="og:site_name" content="Canadel" />
<meta property="article:modified_time" content="2025-11-28T16:16:32+00:00" />
<meta property="og:image" content="https://canadel.com/wp-content/uploads/CNN002297U19MNA_CAM001.png" />
	<meta property="og:image:width" content="2000" />
	<meta property="og:image:height" content="2000" />
	<meta property="og:image:type" content="image/png" />
<meta name="twitter:card" content="summary_large_image" />
<script type="application/ld+json" class="yoast-schema-graph">{"@context":"https:\/\/schema.org","@graph":[{"@type":"WebPage","@id":"https:\/\/canadel.com\/fr\/collections\/canadel\/chaises\/cnn002297u19mna\/","url":"https:\/\/canadel.com\/fr\/collections\/canadel\/chaises\/cnn002297u19mna\/","name":"Chaise 0229 - Canadel","isPartOf":{"@id":"https:\/\/canadel.com\/fr\/#website"},"primaryImageOfPage":{"@id":"https:\/\/canadel.com\/fr\/collections\/canadel\/chaises\/cnn002297u19mna\/#primaryimage"},"image":{"@id":"https:\/\/canadel.com\/fr\/collections\/canadel\/chaises\/cnn002297u19mna\/#primaryimage"},"thumbnailUrl":"https:\/\/canadel.com\/wp-content\/uploads\/CNN002297U19MNA_CAM001.png","datePublished":"2025-11-28T16:06:37+00:00","dateModified":"2025-11-28T16:16:32+00:00","description":"Cette petite chaise à l’allure traditionnelle et intemporelle saura plaire parfaitement à ceux qui souhaitent un mobilier de haute qualité, aussi coquet que délicat et raffiné. Optez pour un siège rembourré pour un petit je-ne-sais-quoi de plus.","breadcrumb":{"@id":"https:\/\/canadel.com\/fr\/collections\/canadel\/chaises\/cnn002297u19mna\/#breadcrumb"},"inLanguage":"fr-FR","potentialAction":[{"@type":"ReadAction","target":["https:\/\/canadel.com\/fr\/collections\/canadel\/chaises\/cnn002297u19mna\/"]}]},{"@type":"ImageObject","inLanguage":"fr-FR","@id":"https:\/\/canadel.com\/fr\/collections\/canadel\/chaises\/cnn002297u19mna\/#primaryimage","url":"https:\/\/canadel.com\/wp-content\/uploads\/CNN002297U19MNA_CAM001.png","contentUrl":"https:\/\/canadel.com\/wp-content\/uploads\/CNN002297U19MNA_CAM001.png","width":2000,"height":2000},{"@type":"BreadcrumbList","@id":"https:\/\/canadel.com\/fr\/collections\/canadel\/chaises\/cnn002297u19mna\/#breadcrumb","itemListElement":[{"@type":"ListItem","position":1,"name":"Accueil","item":"https:\/\/canadel.com\/fr\/"},{"@type":"ListItem","position":2,"name":"Shop","item":"https:\/\/canadel.com\/?page_id=240655"},{"@type":"ListItem","position":3,"name":"Chaise 0229"}]},{"@type":"WebSite","@id":"https:\/\/canadel.com\/fr\/#website","url":"https:\/\/canadel.com\/fr\/","name":"Canadel","description":"","potentialAction":[{"@type":"SearchAction","target":{"@type":"EntryPoint","urlTemplate":"https:\/\/canadel.com\/fr\/?s={search_term_string}"},"query-input":{"@type":"PropertyValueSpecification","valueRequired":true,"valueName":"search_term_string"}}],"inLanguage":"fr-FR"}]}</script>
<!-- / Yoast SEO plugin. -->

Cette petite chaise à l’allure traditionnelle et intemporelle saura plaire parfaitement à ceux qui souhaitent un mobilier de haute qualité, aussi coquet que délicat et raffiné. Optez pour un siège rembourré pour un petit je-ne-sais-quoi de plus.
